
Calculate the greatest common divisor of 2656 and 830.
166
Calculate the highest common divisor of 4514 and 74.
74
Calculate the highest common divisor of 240 and 15.
15
Calculate the greatest common divisor of 10363 and 43.
43
What is the highest common divisor of 7 and 1379?
7
What is the highest common factor of 406 and 174?
58
What is the greatest common factor of 471 and 6?
3
What is the greatest common factor of 160 and 30?
10
Calculate the highest common factor of 12 and 6.
6
Calculate the greatest common divisor of 85 and 40.
5
Calculate the highest common factor of 752 and 32.
16
What is the greatest common factor of 550 and 100?
50
Calculate the greatest common factor of 17 and 131.
1
What is the highest common divisor of 74 and 18?
2
Calculate the highest common divisor of 58 and 1856.
58
Calculate the greatest common divisor of 245 and 2303.
49
Calculate the greatest common divisor of 70 and 2110.
10
What is the highest common divisor of 150 and 17610?
30
Calculate the highest common divisor of 85 and 901.
17
Calculate the greatest common factor of 206 and 2987.
103
What is the highest common divisor of 4335 and 30?
15
Calculate the greatest common divisor of 30 and 510.
30
What is the greatest common divisor of 12 and 2412?
12
Calculate the highest common divisor of 1908 and 24.
12
What is the greatest common divisor of 66 and 814?
22
Calculate the highest common factor of 3139 and 1075.
43
Calculate the greatest common factor of 96 and 6912.
96
What is the highest common factor of 20 and 1970?
10
What is the greatest common factor of 4 and 3?
1
What is the highest common factor of 180 and 36?
36
What is the greatest common divisor of 444 and 60?
12
What is the greatest common divisor of 255 and 45?
15
Calculate the greatest common divisor of 196 and 224.
28
What is the greatest common divisor of 375 and 15?
15
What is the highest common factor of 4840 and 10?
10
Calculate the highest common factor of 32 and 20752.
16
What is the greatest common factor of 2329 and 1096?
137
Calculate the greatest common factor of 546 and 364.
182
Calculate the highest common divisor of 88 and 99.
11
What is the greatest common factor of 1022 and 14?
14
Calculate the highest common divisor of 115 and 184.
23
What is the highest common divisor of 70 and 15120?
70
Calculate the highest common divisor of 13203 and 81.
81
What is the greatest common divisor of 9 and 2412?
9
Calculate the greatest common factor of 17 and 34.
17
What is the greatest common factor of 153 and 340?
17
Calculate the highest common divisor of 4932 and 36.
36
Calculate the highest common divisor of 15 and 6.
3
Calculate the highest common factor of 4018 and 1558.
82
Calculate the highest common factor of 34579 and 151.
151
Calculate the highest common factor of 76 and 1292.
76
What is the greatest common factor of 5363 and 31?
31
What is the greatest common factor of 25992 and 144?
72
What is the highest common divisor of 22 and 116?
2
Calculate the highest common divisor of 580 and 20.
20
Calculate the greatest common divisor of 25678 and 74.
74
What is the highest common factor of 129 and 28810?
43
Calculate the greatest common divisor of 8978 and 134.
134
Calculate the greatest common divisor of 25 and 20700.
25
Calculate the highest common factor of 3764 and 12.
4
What is the greatest common factor of 5 and 5?
5
What is the greatest common divisor of 26462 and 262?
262
What is the highest common divisor of 162 and 702?
54
What is the greatest common divisor of 1313 and 404?
101
What is the greatest common factor of 78 and 3120?
78
What is the greatest common divisor of 108 and 99?
9
What is the highest common divisor of 100 and 90?
10
Calculate the highest common divisor of 48 and 24.
24
What is the greatest common factor of 320 and 40?
40
What is the greatest common factor of 11 and 10813?
11
Calculate the highest common factor of 189 and 42.
21
Calculate the highest common divisor of 1596 and 252.
84
What is the greatest common divisor of 70 and 470?
10
Calculate the greatest common divisor of 1250 and 400.
50
What is the greatest common divisor of 82 and 52?
2
What is the highest common divisor of 500 and 4?
4
What is the highest common divisor of 195 and 1443?
39
Calculate the highest common factor of 235 and 18565.
235
Calculate the highest common divisor of 36 and 1092.
12
Calculate the greatest common divisor of 451 and 11.
11
Calculate the greatest common divisor of 1743 and 42.
21
What is the greatest common divisor of 48 and 3792?
48
What is the highest common divisor of 99 and 2610?
9
What is the highest common divisor of 245 and 175?
35
What is the highest common factor of 1704 and 1491?
213
What is the highest common factor of 2 and 122?
2
Calculate the highest common divisor of 305 and 2440.
305
What is the highest common divisor of 6 and 2778?
6
What is the highest common factor of 660 and 1628?
44
Calculate the greatest common factor of 1638 and 104.
26
Calculate the greatest common factor of 558 and 26505.
279
What is the greatest common divisor of 700 and 560?
140
What is the greatest common factor of 99 and 81?
9
What is the greatest common divisor of 24 and 744?
24
What is the greatest common factor of 750 and 6?
6
What is the greatest common factor of 96 and 24?
24
Calculate the greatest common factor of 210 and 180.
30
Calculate the greatest common divisor of 455 and 35.
35
Calculate the greatest common divisor of 369 and 9.
9
Calculate the greatest common divisor of 609 and 42.
21
What is the greatest common divisor of 440 and 110?
110
What is the highest common factor of 68 and 4?
4
What is the highest common divisor of 335 and 469?
67
What is the greatest common factor of 420 and 100?
20
What is the greatest common divisor of 216 and 1152?
72
Calculate the highest common factor of 9 and 3357.
9
Calculate the greatest common divisor of 2196 and 61.
61
Calculate the highest common divisor of 259 and 7.
7
What is the highest common factor of 144 and 1350?
18
Calculate the greatest common divisor of 146 and 2.
2
What is the highest common factor of 17755 and 212?
53
Calculate the highest common divisor of 55 and 649.
11
Calculate the greatest common factor of 234 and 18.
18
Calculate the greatest common divisor of 17 and 17.
17
What is the greatest common divisor of 27596 and 4?
4
What is the greatest common factor of 85 and 1122?
17
Calculate the highest common divisor of 45 and 99.
9
What is the highest common divisor of 525 and 8?
1
Calculate the highest common divisor of 57 and 3.
3
What is the greatest common factor of 175 and 245?
35
What is the greatest common factor of 491 and 2?
1
Calculate the greatest common divisor of 103 and 1.
1
What is the greatest common divisor of 15 and 935?
5
Calculate the highest common divisor of 19741 and 19.
19
What is the greatest common divisor of 208 and 364?
52
Calculate the greatest common factor of 17 and 119.
17
What is the highest common factor of 336 and 6692?
28
Calculate the greatest common divisor of 423 and 329.
47
What is the greatest common divisor of 975 and 3?
3
Calculate the highest common divisor of 539 and 98.
49
What is the highest common divisor of 21 and 39?
3
What is the highest common divisor of 3 and 1428?
3
Calculate the greatest common divisor of 119 and 1088.
17
What is the greatest common divisor of 774 and 90?
18
Calculate the greatest common factor of 729 and 9963.
243
Calculate the highest common factor of 15633 and 81.
81
What is the highest common divisor of 2196 and 648?
36
What is the highest common factor of 156 and 120?
12
Calculate the greatest common divisor of 30 and 2650.
10
Calculate the greatest common divisor of 22 and 99.
11
What is the highest common divisor of 63 and 2?
1
What is the greatest common divisor of 143 and 65?
13
What is the greatest common factor of 9309 and 87?
87
What is the highest common factor of 272 and 323?
17
What is the greatest common divisor of 13 and 1391?
13
Calculate the highest common factor of 25 and 70.
5
Calculate the highest common divisor of 480 and 432.
48
What is the greatest common factor of 2 and 154?
2
What is the greatest common divisor of 2547 and 90?
9
Calculate the greatest common divisor of 1240 and 40.
40
Calculate 